{"id":10823,"date":"2025-03-31T18:05:37","date_gmt":"2025-03-31T16:05:37","guid":{"rendered":"https:\/\/slovenianjewelryweek.com\/event\/public-guided-tour-of-temporary-exhibitions-harmonija-harmony-nakit-nosi-me\/"},"modified":"2025-04-01T10:06:44","modified_gmt":"2025-04-01T08:06:44","slug":"javno-vodstvo-po-obcasnih-razstavah-harmonija-harmony-in-nakit-nosi-me","status":"publish","type":"tribe_events","link":"https:\/\/slovenianjewelryweek.com\/sl\/event\/javno-vodstvo-po-obcasnih-razstavah-harmonija-harmony-in-nakit-nosi-me\/","title":{"rendered":"JAVNO VODSTVO PO OB\u010cASNIH RAZSTAVAH HARMONIJA \/ HARMONY IN \/ NAKIT, NOSI ME \/"},"content":{"rendered":"<p>Glavni trg 24, Slovenj Gradec<\/p>\n<p>\u010detrtek, 17. 4. 2025, ob 18.00<\/p>\n<p>&nbsp;<\/p>\n<p>Koro\u0161ki pokrajinski muzej (pritli\u010dni prostori, Glavni trg 24)<\/p>\n<p>V sklopu projekta Slovenski teden nakita 2025 (SIJW) vljudno vabimo na vodeni ogled ob\u010dasnih razstav, ki smo jih pripravili v sodelovanju z ustvarjalci Tedna nakita in Katedro za oblikovanje tekstilij in obla\u010dil, Oddelka za grafiko, tekstilstvo in oblikovanje, Naravoslovnotehni\u0161ke fakultete Univerze v Ljubljani. Spoznali bomo unikatni nakit slovenskih oblikovalcev in zlatarjev, ki pri svojem delu uporabljajo izklju\u010dno slovenske kamne, najdene in bru\u0161ene v Sloveniji ter se seznanili s projektom ustvarjalne skupine enaindvajsetih \u0161tudentk in \u0161tudentov razli\u010dnih letnikov dodiplomskega \u0161tudija oblikovanja tekstilij in obla\u010dil pod mentorstvom red. prof. Nata\u0161e Per\u0161uh in asist. Nata\u0161e Hrupi\u0107 iz UL NTF OTGO ter zlatarskega mojstra Petra Dragoli\u010da iz Laboratorija za nakit Centra Rog.<\/p>\n","protected":false},"excerpt":{"rendered":"<p>Glavni trg 24, Slovenj Gradec \u010detrtek, 17. 4. 2025, ob 18.00 &nbsp; Koro\u0161ki pokrajinski muzej (pritli\u010dni prostori, Glavni trg 24)<\/p>\n","protected":false},"author":1,"featured_media":10789,"template":"","meta":{"_tribe_events_status":"","_tribe_events_status_reason":"","_tribe_events_is_hybrid":"","_tribe_events_is_virtual":"","_tribe_events_virtual_video_source":"","_tribe_events_virtual_embed_video":"","_tribe_events_virtual_linked_button_text":"","_tribe_events_virtual_linked_button":"","_tribe_events_virtual_show_embed_at":"","_tribe_events_virtual_show_embed_to":[],"_tribe_events_virtual_show_on_event":"","_tribe_events_virtual_show_on_views":"","_tribe_events_virtual_url":"","footnotes":""},"tags":[],"tribe_events_cat":[134],"class_list":["post-10823","tribe_events","type-tribe_events","status-publish","has-post-thumbnail","hentry","tribe_events_cat-program-sl","cat_program-sl"],"yoast_head":"<!-- This site is optimized with the Yoast SEO plugin v27.2 - https:\/\/yoast.com\/product\/yoast-seo-wordpress\/ -->\n<title>JAVNO VODSTVO PO OB\u010cASNIH RAZSTAVAH HARMONIJA \/ HARMONY IN \/ NAKIT, NOSI ME \/ - SIJW<\/title>\n<meta name=\"robots\" content=\"index, follow, max-snippet:-1, max-image-preview:large, max-video-preview:-1\" \/>\n<link rel=\"canonical\" href=\"https:\/\/slovenianjewelryweek.com\/sl\/event\/javno-vodstvo-po-obcasnih-razstavah-harmonija-harmony-in-nakit-nosi-me\/\" \/>\n<meta property=\"og:locale\" content=\"sl_SI\" \/>\n<meta property=\"og:type\" content=\"article\" \/>\n<meta property=\"og:title\" content=\"JAVNO VODSTVO PO OB\u010cASNIH RAZSTAVAH HARMONIJA \/ HARMONY IN \/ NAKIT, NOSI ME \/ - SIJW\" \/>\n<meta property=\"og:description\" content=\"Glavni trg 24, Slovenj Gradec \u010detrtek, 17. 4. 2025, ob 18.00 &nbsp; Koro\u0161ki pokrajinski muzej (pritli\u010dni prostori, Glavni trg 24)\" \/>\n<meta property=\"og:url\" content=\"https:\/\/slovenianjewelryweek.com\/sl\/event\/javno-vodstvo-po-obcasnih-razstavah-harmonija-harmony-in-nakit-nosi-me\/\" \/>\n<meta property=\"og:site_name\" content=\"SIJW\" \/>\n<meta property=\"article:modified_time\" content=\"2025-04-01T08:06:44+00:00\" \/>\n<meta property=\"og:image\" content=\"https:\/\/slovenianjewelryweek.com\/wp-content\/uploads\/2025\/03\/carry-me.jpg\" \/>\n\t<meta property=\"og:image:width\" content=\"1185\" \/>\n\t<meta property=\"og:image:height\" content=\"829\" \/>\n\t<meta property=\"og:image:type\" content=\"image\/jpeg\" \/>\n<meta name=\"twitter:card\" content=\"summary_large_image\" \/>\n<meta name=\"twitter:label1\" content=\"Est. reading time\" \/>\n\t<meta name=\"twitter:data1\" content=\"1 minuta\" \/>\n<script type=\"application\/ld+json\" class=\"yoast-schema-graph\">{\"@context\":\"https:\/\/schema.org\",\"@graph\":[{\"@type\":\"WebPage\",\"@id\":\"https:\/\/slovenianjewelryweek.com\/sl\/event\/javno-vodstvo-po-obcasnih-razstavah-harmonija-harmony-in-nakit-nosi-me\/\",\"url\":\"https:\/\/slovenianjewelryweek.com\/sl\/event\/javno-vodstvo-po-obcasnih-razstavah-harmonija-harmony-in-nakit-nosi-me\/\",\"name\":\"JAVNO VODSTVO PO OB\u010cASNIH RAZSTAVAH HARMONIJA \/ HARMONY IN \/ NAKIT, NOSI ME \/ - SIJW\",\"isPartOf\":{\"@id\":\"https:\/\/slovenianjewelryweek.com\/sl\/#website\"},\"primaryImageOfPage\":{\"@id\":\"https:\/\/slovenianjewelryweek.com\/sl\/event\/javno-vodstvo-po-obcasnih-razstavah-harmonija-harmony-in-nakit-nosi-me\/#primaryimage\"},\"image\":{\"@id\":\"https:\/\/slovenianjewelryweek.com\/sl\/event\/javno-vodstvo-po-obcasnih-razstavah-harmonija-harmony-in-nakit-nosi-me\/#primaryimage\"},\"thumbnailUrl\":\"https:\/\/slovenianjewelryweek.com\/wp-content\/uploads\/2025\/03\/carry-me.jpg\",\"datePublished\":\"2025-03-31T16:05:37+00:00\",\"dateModified\":\"2025-04-01T08:06:44+00:00\",\"breadcrumb\":{\"@id\":\"https:\/\/slovenianjewelryweek.com\/sl\/event\/javno-vodstvo-po-obcasnih-razstavah-harmonija-harmony-in-nakit-nosi-me\/#breadcrumb\"},\"inLanguage\":\"sl-SI\",\"potentialAction\":[{\"@type\":\"ReadAction\",\"target\":[\"https:\/\/slovenianjewelryweek.com\/sl\/event\/javno-vodstvo-po-obcasnih-razstavah-harmonija-harmony-in-nakit-nosi-me\/\"]}]},{\"@type\":\"ImageObject\",\"inLanguage\":\"sl-SI\",\"@id\":\"https:\/\/slovenianjewelryweek.com\/sl\/event\/javno-vodstvo-po-obcasnih-razstavah-harmonija-harmony-in-nakit-nosi-me\/#primaryimage\",\"url\":\"https:\/\/slovenianjewelryweek.com\/wp-content\/uploads\/2025\/03\/carry-me.jpg\",\"contentUrl\":\"https:\/\/slovenianjewelryweek.com\/wp-content\/uploads\/2025\/03\/carry-me.jpg\",\"width\":1185,\"height\":829},{\"@type\":\"BreadcrumbList\",\"@id\":\"https:\/\/slovenianjewelryweek.com\/sl\/event\/javno-vodstvo-po-obcasnih-razstavah-harmonija-harmony-in-nakit-nosi-me\/#breadcrumb\",\"itemListElement\":[{\"@type\":\"ListItem\",\"position\":1,\"name\":\"Home\",\"item\":\"https:\/\/slovenianjewelryweek.com\/sl\/\"},{\"@type\":\"ListItem\",\"position\":2,\"name\":\"Dogodki\",\"item\":\"https:\/\/slovenianjewelryweek.com\/sl\/events\/\"},{\"@type\":\"ListItem\",\"position\":3,\"name\":\"JAVNO VODSTVO PO OB\u010cASNIH RAZSTAVAH HARMONIJA \/ HARMONY IN \/ NAKIT, NOSI ME \/\"}]},{\"@type\":\"WebSite\",\"@id\":\"https:\/\/slovenianjewelryweek.com\/sl\/#website\",\"url\":\"https:\/\/slovenianjewelryweek.com\/sl\/\",\"name\":\"SIJW\",\"description\":\"\",\"potentialAction\":[{\"@type\":\"SearchAction\",\"target\":{\"@type\":\"EntryPoint\",\"urlTemplate\":\"https:\/\/slovenianjewelryweek.com\/sl\/?s={search_term_string}\"},\"query-input\":{\"@type\":\"PropertyValueSpecification\",\"valueRequired\":true,\"valueName\":\"search_term_string\"}}],\"inLanguage\":\"sl-SI\"}]}<\/script>\n<!-- \/ Yoast SEO plugin. -->","yoast_head_json":{"title":"JAVNO VODSTVO PO OB\u010cASNIH RAZSTAVAH HARMONIJA \/ HARMONY IN \/ NAKIT, NOSI ME \/ - SIJW","robots":{"index":"index","follow":"follow","max-snippet":"max-snippet:-1","max-image-preview":"max-image-preview:large","max-video-preview":"max-video-preview:-1"},"canonical":"https:\/\/slovenianjewelryweek.com\/sl\/event\/javno-vodstvo-po-obcasnih-razstavah-harmonija-harmony-in-nakit-nosi-me\/","og_locale":"sl_SI","og_type":"article","og_title":"JAVNO VODSTVO PO OB\u010cASNIH RAZSTAVAH HARMONIJA \/ HARMONY IN \/ NAKIT, NOSI ME \/ - SIJW","og_description":"Glavni trg 24, Slovenj Gradec \u010detrtek, 17. 4. 2025, ob 18.00 &nbsp; Koro\u0161ki pokrajinski muzej (pritli\u010dni prostori, Glavni trg 24)","og_url":"https:\/\/slovenianjewelryweek.com\/sl\/event\/javno-vodstvo-po-obcasnih-razstavah-harmonija-harmony-in-nakit-nosi-me\/","og_site_name":"SIJW","article_modified_time":"2025-04-01T08:06:44+00:00","og_image":[{"width":1185,"height":829,"url":"https:\/\/slovenianjewelryweek.com\/wp-content\/uploads\/2025\/03\/carry-me.jpg","type":"image\/jpeg"}],"twitter_card":"summary_large_image","twitter_misc":{"Est. reading time":"1 minuta"},"schema":{"@context":"https:\/\/schema.org","@graph":[{"@type":"WebPage","@id":"https:\/\/slovenianjewelryweek.com\/sl\/event\/javno-vodstvo-po-obcasnih-razstavah-harmonija-harmony-in-nakit-nosi-me\/","url":"https:\/\/slovenianjewelryweek.com\/sl\/event\/javno-vodstvo-po-obcasnih-razstavah-harmonija-harmony-in-nakit-nosi-me\/","name":"JAVNO VODSTVO PO OB\u010cASNIH RAZSTAVAH HARMONIJA \/ HARMONY IN \/ NAKIT, NOSI ME \/ - SIJW","isPartOf":{"@id":"https:\/\/slovenianjewelryweek.com\/sl\/#website"},"primaryImageOfPage":{"@id":"https:\/\/slovenianjewelryweek.com\/sl\/event\/javno-vodstvo-po-obcasnih-razstavah-harmonija-harmony-in-nakit-nosi-me\/#primaryimage"},"image":{"@id":"https:\/\/slovenianjewelryweek.com\/sl\/event\/javno-vodstvo-po-obcasnih-razstavah-harmonija-harmony-in-nakit-nosi-me\/#primaryimage"},"thumbnailUrl":"https:\/\/slovenianjewelryweek.com\/wp-content\/uploads\/2025\/03\/carry-me.jpg","datePublished":"2025-03-31T16:05:37+00:00","dateModified":"2025-04-01T08:06:44+00:00","breadcrumb":{"@id":"https:\/\/slovenianjewelryweek.com\/sl\/event\/javno-vodstvo-po-obcasnih-razstavah-harmonija-harmony-in-nakit-nosi-me\/#breadcrumb"},"inLanguage":"sl-SI","potentialAction":[{"@type":"ReadAction","target":["https:\/\/slovenianjewelryweek.com\/sl\/event\/javno-vodstvo-po-obcasnih-razstavah-harmonija-harmony-in-nakit-nosi-me\/"]}]},{"@type":"ImageObject","inLanguage":"sl-SI","@id":"https:\/\/slovenianjewelryweek.com\/sl\/event\/javno-vodstvo-po-obcasnih-razstavah-harmonija-harmony-in-nakit-nosi-me\/#primaryimage","url":"https:\/\/slovenianjewelryweek.com\/wp-content\/uploads\/2025\/03\/carry-me.jpg","contentUrl":"https:\/\/slovenianjewelryweek.com\/wp-content\/uploads\/2025\/03\/carry-me.jpg","width":1185,"height":829},{"@type":"BreadcrumbList","@id":"https:\/\/slovenianjewelryweek.com\/sl\/event\/javno-vodstvo-po-obcasnih-razstavah-harmonija-harmony-in-nakit-nosi-me\/#breadcrumb","itemListElement":[{"@type":"ListItem","position":1,"name":"Home","item":"https:\/\/slovenianjewelryweek.com\/sl\/"},{"@type":"ListItem","position":2,"name":"Dogodki","item":"https:\/\/slovenianjewelryweek.com\/sl\/events\/"},{"@type":"ListItem","position":3,"name":"JAVNO VODSTVO PO OB\u010cASNIH RAZSTAVAH HARMONIJA \/ HARMONY IN \/ NAKIT, NOSI ME \/"}]},{"@type":"WebSite","@id":"https:\/\/slovenianjewelryweek.com\/sl\/#website","url":"https:\/\/slovenianjewelryweek.com\/sl\/","name":"SIJW","description":"","potentialAction":[{"@type":"SearchAction","target":{"@type":"EntryPoint","urlTemplate":"https:\/\/slovenianjewelryweek.com\/sl\/?s={search_term_string}"},"query-input":{"@type":"PropertyValueSpecification","valueRequired":true,"valueName":"search_term_string"}}],"inLanguage":"sl-SI"}]}},"_links":{"self":[{"href":"https:\/\/slovenianjewelryweek.com\/sl\/wp-json\/wp\/v2\/tribe_events\/10823","targetHints":{"allow":["GET"]}}],"collection":[{"href":"https:\/\/slovenianjewelryweek.com\/sl\/wp-json\/wp\/v2\/tribe_events"}],"about":[{"href":"https:\/\/slovenianjewelryweek.com\/sl\/wp-json\/wp\/v2\/types\/tribe_events"}],"author":[{"embeddable":true,"href":"https:\/\/slovenianjewelryweek.com\/sl\/wp-json\/wp\/v2\/users\/1"}],"version-history":[{"count":1,"href":"https:\/\/slovenianjewelryweek.com\/sl\/wp-json\/wp\/v2\/tribe_events\/10823\/revisions"}],"predecessor-version":[{"id":10824,"href":"https:\/\/slovenianjewelryweek.com\/sl\/wp-json\/wp\/v2\/tribe_events\/10823\/revisions\/10824"}],"wp:featuredmedia":[{"embeddable":true,"href":"https:\/\/slovenianjewelryweek.com\/sl\/wp-json\/wp\/v2\/media\/10789"}],"wp:attachment":[{"href":"https:\/\/slovenianjewelryweek.com\/sl\/wp-json\/wp\/v2\/media?parent=10823"}],"wp:term":[{"taxonomy":"post_tag","embeddable":true,"href":"https:\/\/slovenianjewelryweek.com\/sl\/wp-json\/wp\/v2\/tags?post=10823"},{"taxonomy":"tribe_events_cat","embeddable":true,"href":"https:\/\/slovenianjewelryweek.com\/sl\/wp-json\/wp\/v2\/tribe_events_cat?post=10823"}],"curies":[{"name":"wp","href":"https:\/\/api.w.org\/{rel}","templated":true}]}}

JAVNO VODSTVO PO OBČASNIH RAZSTAVAH HARMONIJA / HARMONY IN / NAKIT, NOSI ME /

<p>Glavni trg 24, Slovenj Gradec</p>
<p>četrtek, 17. 4. 2025, ob 18.00</p>
<p>&nbsp;</p>
<p>Koroški pokrajinski muzej (pritlični prostori, Glavni trg 24)</p>
<p>V sklopu projekta Slovenski teden nakita 2025 (SIJW) vljudno vabimo na vodeni ogled občasnih razstav, ki smo jih pripravili v sodelovanju z ustvarjalci Tedna nakita in Katedro za oblikovanje tekstilij in oblačil, Oddelka za grafiko, tekstilstvo in oblikovanje, Naravoslovnotehniške fakultete Univerze v Ljubljani. Spoznali bomo unikatni nakit slovenskih oblikovalcev in zlatarjev, ki pri svojem delu uporabljajo izključno slovenske kamne, najdene in brušene v Sloveniji ter se seznanili s projektom ustvarjalne skupine enaindvajsetih študentk in študentov različnih letnikov dodiplomskega študija oblikovanja tekstilij in oblačil pod mentorstvom red. prof. Nataše Peršuh in asist. Nataše Hrupić iz UL NTF OTGO ter zlatarskega mojstra Petra Dragoliča iz Laboratorija za nakit Centra Rog.</p>

<p>Glavni trg 24, Slovenj Gradec četrtek, 17. 4. 2025, ob 18.00 &nbsp; Koroški pokrajinski muzej (pritlični prostori, Glavni trg 24)</p>

<!-- This site is optimized with the Yoast SEO plugin v27.2 - https://yoast.com/product/yoast-seo-wordpress/ -->
<title>JAVNO VODSTVO PO OBČASNIH RAZSTAVAH HARMONIJA / HARMONY IN / NAKIT, NOSI ME / - SIJW</title>
<meta name="robots" content="index, follow, max-snippet:-1, max-image-preview:large, max-video-preview:-1" />
<link rel="canonical" href="https://slovenianjewelryweek.com/sl/event/javno-vodstvo-po-obcasnih-razstavah-harmonija-harmony-in-nakit-nosi-me/" />
<meta property="og:locale" content="sl_SI" />
<meta property="og:type" content="article" />
<meta property="og:title" content="JAVNO VODSTVO PO OBČASNIH RAZSTAVAH HARMONIJA / HARMONY IN / NAKIT, NOSI ME / - SIJW" />
<meta property="og:description" content="Glavni trg 24, Slovenj Gradec četrtek, 17. 4. 2025, ob 18.00 &nbsp; Koroški pokrajinski muzej (pritlični prostori, Glavni trg 24)" />
<meta property="og:url" content="https://slovenianjewelryweek.com/sl/event/javno-vodstvo-po-obcasnih-razstavah-harmonija-harmony-in-nakit-nosi-me/" />
<meta property="og:site_name" content="SIJW" />
<meta property="article:modified_time" content="2025-04-01T08:06:44+00:00" />
<meta property="og:image" content="https://slovenianjewelryweek.com/wp-content/uploads/2025/03/carry-me.jpg" />
	<meta property="og:image:width" content="1185" />
	<meta property="og:image:height" content="829" />
	<meta property="og:image:type" content="image/jpeg" />
<meta name="twitter:card" content="summary_large_image" />
<meta name="twitter:label1" content="Est. reading time" />
	<meta name="twitter:data1" content="1 minuta" />
<script type="application/ld+json" class="yoast-schema-graph">{"@context":"https://schema.org","@graph":[{"@type":"WebPage","@id":"https://slovenianjewelryweek.com/sl/event/javno-vodstvo-po-obcasnih-razstavah-harmonija-harmony-in-nakit-nosi-me/","url":"https://slovenianjewelryweek.com/sl/event/javno-vodstvo-po-obcasnih-razstavah-harmonija-harmony-in-nakit-nosi-me/","name":"JAVNO VODSTVO PO OBČASNIH RAZSTAVAH HARMONIJA / HARMONY IN / NAKIT, NOSI ME / - SIJW","isPartOf":{"@id":"https://slovenianjewelryweek.com/sl/#website"},"primaryImageOfPage":{"@id":"https://slovenianjewelryweek.com/sl/event/javno-vodstvo-po-obcasnih-razstavah-harmonija-harmony-in-nakit-nosi-me/#primaryimage"},"image":{"@id":"https://slovenianjewelryweek.com/sl/event/javno-vodstvo-po-obcasnih-razstavah-harmonija-harmony-in-nakit-nosi-me/#primaryimage"},"thumbnailUrl":"https://slovenianjewelryweek.com/wp-content/uploads/2025/03/carry-me.jpg","datePublished":"2025-03-31T16:05:37+00:00","dateModified":"2025-04-01T08:06:44+00:00","breadcrumb":{"@id":"https://slovenianjewelryweek.com/sl/event/javno-vodstvo-po-obcasnih-razstavah-harmonija-harmony-in-nakit-nosi-me/#breadcrumb"},"inLanguage":"sl-SI","potentialAction":[{"@type":"ReadAction","target":["https://slovenianjewelryweek.com/sl/event/javno-vodstvo-po-obcasnih-razstavah-harmonija-harmony-in-nakit-nosi-me/"]}]},{"@type":"ImageObject","inLanguage":"sl-SI","@id":"https://slovenianjewelryweek.com/sl/event/javno-vodstvo-po-obcasnih-razstavah-harmonija-harmony-in-nakit-nosi-me/#primaryimage","url":"https://slovenianjewelryweek.com/wp-content/uploads/2025/03/carry-me.jpg","contentUrl":"https://slovenianjewelryweek.com/wp-content/uploads/2025/03/carry-me.jpg","width":1185,"height":829},{"@type":"BreadcrumbList","@id":"https://slovenianjewelryweek.com/sl/event/javno-vodstvo-po-obcasnih-razstavah-harmonija-harmony-in-nakit-nosi-me/#breadcrumb","itemListElement":[{"@type":"ListItem","position":1,"name":"Home","item":"https://slovenianjewelryweek.com/sl/"},{"@type":"ListItem","position":2,"name":"Dogodki","item":"https://slovenianjewelryweek.com/sl/events/"},{"@type":"ListItem","position":3,"name":"JAVNO VODSTVO PO OBČASNIH RAZSTAVAH HARMONIJA / HARMONY IN / NAKIT, NOSI ME /"}]},{"@type":"WebSite","@id":"https://slovenianjewelryweek.com/sl/#website","url":"https://slovenianjewelryweek.com/sl/","name":"SIJW","description":"","potentialAction":[{"@type":"SearchAction","target":{"@type":"EntryPoint","urlTemplate":"https://slovenianjewelryweek.com/sl/?s={search_term_string}"},"query-input":{"@type":"PropertyValueSpecification","valueRequired":true,"valueName":"search_term_string"}}],"inLanguage":"sl-SI"}]}</script>
<!-- / Yoast SEO plugin. -->

JAVNO VODSTVO PO OBČASNIH RAZSTAVAH HARMONIJA / HARMONY IN / NAKIT, NOSI ME / - SIJW

Glavni trg 24, Slovenj Gradec četrtek, 17. 4. 2025, ob 18.00 &nbsp; Koroški pokrajinski muzej (pritlični prostori, Glavni trg 24)
